ue
Let y(l) = -l**3 - 9*l**2 - 11*l + 19. Let v be -4 + -4*(-2 - -3). Is y(v) a composite number?
False
Suppose -7*q + 3*q - 14 = -2*f, 3*q = 3*f - 27. Suppose 2138 = 13*d - f*d. Is d a prime number?
True
Let l = 4 - 1. Let t(x) = 11*x**3 + x - 4. Let h be t(l). Is (6/4)/(12/h) prime?
True
Suppose -4*f + 2*b = -26 + 82, -4*f + 4*b = 64. Let x = 10 + f. Is -1*254/4*x a prime number?
True
Is 1 + 30/(-34) + (-33969726)/(-2142) composite?
False
Let l = -38 + 36. Is 2954 + -3*l/(-6) a prime number?
True
Let g be -1 + 2 - (7 - -1218). Let a = 719 - g. Is a composite?
True
Let w(z) = 1136*z**2 - 5*z - 5. Let s be w(-1). Suppose -8557 = -9*a + s. Is a a prime number?
False
Suppose 2*n = 2*j - 1274, n + 93 = 2*j - 1183. Suppose 3*p + 5*g - 1393 = 0, -5*p - 2*g - j = -2967. Is p prime?
False
Let z(h) = 45*h - 2. Suppose r = -0*r + 20. Let i = -19 + r. Is z(i) a prime number?
True
Suppose -56 = 6*s - 8*s. Suppose 4*m + 17 = -0*o - 5*o, 0 = -4*m + 4*o + s. Is (3/(-2))/(m/(-164)) prime?
False
Let k = -9 - -4. Let a = 8 + k. Suppose a*q + 262 = 2*n, -4*n + 5*q = 186 - 712. Is n a prime number?
False
Suppose -19*x = -13*x - 6. Is (x/3*-1)/(10/(-66090)) composite?
False
Let q(d) = 308*d**2 - 1. Suppose 3*p + 1 = -a - 15, -p = 2*a + 7. Is q(a) a prime number?
True
Is (-12)/2 + 4520 + (-3)/1 a prime number?
False
Suppose -4*d - 20773 = -5*w, -44*d = 2*w - 39*d - 8296. Is w composite?
False
Let j = 4602 - -24498. Is 3/(21/(-2)) - j/(-28) composite?
False
Let z = -52 - -50. Is (-10)/5*487*z/4 a prime number?
True
Let g = -695 - -1875. Let j = g - 702. Is j composite?
True
Let k = 1004 - 585. Suppose -5*r = 2*g - 20 - 159, 3*r = -5*g + k. Suppose -g = -i + 15. Is i a composite number?
False
Suppose -r + a - 5*a = -3307, r - 3297 = a. Is r a composite number?
False
Let t(w) be the first derivative of 9*w**2/2 + 41*w - 18. Is t(12) prime?
True
Let g be (-2)/4*2 + 1. Suppose 5*h = 0, -5*z - h + g*h = -40. Is -10*(-1 + (-308)/z) a prime number?
False
Let r(h) = -h - 5. Let m be r(-7). Suppose 6 = m*i + 2*d, -4*d - 3 = -2*i + 3*i. Suppose i*f + 7 = 42. Is f composite?
False
Let w = 75186 + -23222. Is 6/10 + w/10 a prime number?
True
Suppose l = -u + 646, 2*u + 3*l + 2*l - 1304 = 0. Let j = u + -105. Is j prime?
False
Let s be ((-4)/(-6))/(4/6). Let u be (-915)/(-4) - s/(-4). Let t = -102 + u. Is t composite?
False
Let f = 24 + -56. Let r be 3/2*(-130)/(-1). Let w = f + r. Is w a prime number?
True
Suppose 3*j = x + 13, -4*x = -5*j + 6 + 4. Suppose j*k - 6728 = -1226. Is k a prime number?
False
Let o(y) = -y**3 - 12*y**2 + 15*y + 24. Let d be o(-13). Is ((-28)/2)/(d/73) a prime number?
False
Let v(h) = 2*h + 34. Let n be v(15). Let f = 223 - n. Is f a composite number?
True
Is ((-72506)/7)/(4/(-2)) a composite number?
False
Suppose -5 = -2*l + 9. Let f(b) be the second derivative of b**5/20 - 2*b**4/3 + 4*b**3/3 + 2*b**2 + 28*b + 2. Is f(l) a prime number?
True
Let c be 9/(9/2)*2. Let g = c - -7. Suppose 3*s = -a + 37, 72 = 3*a - s + g. Is a prime?
False
Let g(i) = -31*i**3 - 2*i**2 - 12*i - 4. Is g(-5) composite?
False
Let a = 5202 - 1223. Is a a prime number?
False
Let p(s) = -13*s**3 - 29*s**2 + s - 11. Let t(j) = -3*j**3 - 7*j**2 - 3. Let i(h) = 2*p(h) - 9*t(h). Is i(-4) composite?
False
Let m(a) be the third derivative of -161*a**4/24 - a**3/2 - 25*a**2. Is m(-2) prime?
False
Let t = -1722 + 3265. Is t prime?
True
Suppose 5*k + 0 + 60 = 0. Is (-2 - -1)/(k/1524) a composite number?
False
Let v be ((-2)/6)/(1/(-69)). Let l = v + -29. Is ((-2)/l)/(8/1608) composite?
False
Let q(g) be the first derivative of -17*g**2 + 11*g + 6. Let o be q(-5). Suppose -y = -3*k + o, -k - 2*k = -2*y - 185. Is k composite?
False
Suppose 0 = -16*l + 65*l - 827071. Is l a prime number?
True
Let b be (-2)/6 + 100/(-60). Let v(o) = 13*o + 3. Let n(u) = 13*u + 4. Let a(c) = b*n(c) + 3*v(c). Is a(1) a composite number?
True
Let z(r) = r**2 + 8*r - 1. Let w(y) = 3*y - 9. Let l be w(5). Let v be z(l). Let j = -50 + v. Is j a prime number?
False
Suppose 9 = -3*x - 0*x, -2*x - 452 = -2*q. Suppose -q = 4*t - 79. Let i = t - -59. Is i prime?
True
Let b(v) be the third derivative of 11*v**5/12 - 13*v**4/24 - 5*v**3/6 - 3*v**2. Is b(-9) prime?
True
Let y(v) = 20*v**2 - 2*v - 2. Let b be y(-6). Let j = 1139 - b. Is j a prime number?
True
Let j = -4832 - -7731. Is j a composite number?
True
Let b = -20 - -26. Suppose -b*o + 2*o = 3*q - 6, -4*o - 5*q = -10. Is (3 + o)*(-1506)/(-18) a composite number?
False
Let g = -18 - -26. Let v(u) = -u + 17. Let h be v(g). Suppose 3*a - h = 2*a. Is a a composite number?
True
Let j = 41250 - 21289. Is j a prime number?
True
Suppose 88401 = -8*j + 406649. Is j composite?
True
Let g be (8/(-1 - 1))/2. Let w be (-428)/(-28) - g/(-7). Is 652/5 + w/25 a prime number?
True
Let z(g) = -17*g**3 - g**2 + 1. Suppose 0 = w - 5*w - 2*b - 8, -24 = 3*w - 3*b. Is z(w) composite?
True
Let k(z) = 226*z**2 + 10*z + 43. Is k(-3) prime?
False
Let j(z) = -z**3 + 5*z**2 - 6*z + 6. Let t be j(4). Let g = 12 - t. Suppose -l = -g - 279. Is l composite?
False
Let f be (-60)/10*1/2. Let c be (1 + f + 0)*-1. Suppose 0 = -c*h - 0*v - 3*v + 428, 213 = h + v. Is h prime?
True
Suppose -4*q - h + 6 = q, -q + 5*h + 22 = 0. Let u(x) = 139*x + 245*x - 4 + 5. Is u(q) prime?
True
Let x = -113 - -182. Suppose -4*b = -r - x + 2532, -3*r + 7396 = -5*b. Is r a composite number?
False
Let a(y) = -69*y - 80. Is a(-3) prime?
True
Let n(a) be the first derivative of -5*a**2/2 - 10*a - 3. Suppose 2*u + 2*u + 36 = 0. Is n(u) composite?
True
Let l be 1*(-4 - -7)*-2. Is (-3 - 344/(-3)) + (-8)/l a prime number?
True
Let u(h) = 2*h**2 - 2*h - 2. Let k be u(-4). Suppose 3*p + 4*c = -k, 2*p - 3*p = -4*c - 14. Let o(j) = 4*j**2 - 8*j - 1. Is o(p) a prime number?
True
Let r = -11842 + 20769. Is r a prime number?
False
Let g = -3472 + 5129. Is g a composite number?
False
Let f = 589 - -1379. Let u = f - 1010. Is u prime?
False
Let g(y) = 138*y**2 + 9*y - 9. Let f(l) = 138*l**2 + 8*l - 8. Let z(v) = 4*f(v) - 3*g(v). Is z(2) composite?
False
Let u be (-1)/(-1) + (-2 - 0) + 1. Let d = 2 - 6. Is -11*(u/d - 1) a composite number?
False
Suppose -8*f + 5*f - 30 = 0. Let c(p) = p**3 + 12*p**2 + 13*p + 15. Is c(f) composite?
True
Suppose 3*k + 6 = 24. Suppose -k*z + 2259 = 3*z. Is z a prime number?
True
Let u(q) = -q + 2. Let r be u(-3). Let k be r/30 - 2/12. Suppose k*x + 4*x = 844. Is x a prime number?
True
Let d = -13 - -13. Suppose d = 3*l + 15, l = 5*k - 428 - 7022. Suppose -3*w + k = 52. Is w a prime number?
True
Let c = 1058 + 25487. Is c a prime number?
False
Let r(l) = l**2 + 11*l + 5. Let x be r(-10). Let y be (-4075)/2*4/x. Suppose v + 5*k - y = 0, -4*v + 7*v - 4970 = k. Is v prime?
False
Let w = 8 - 12. Let n be (-3)/w + 17/4. Let p(j) = j**2 + 3*j - 7. Is p(n) a composite number?
True
Let j be -1*(-13 - -2)*1. Suppose s + 5*t + j = 0, -8*s + 3*t = -3*s - 29. Suppose -2708 = -0*o - s*o. Is o composite?
False
Suppose -5*t = -0*t - 20. Let l = 60 + -58. Suppose -t*c + 0*c + 451 = w, -225 = -l*c - w. Is c prime?
True
Suppose 4*l = -4*l + 21976. Is l a composite number?
True
Let a be (-40 - 0)*(-78)/12. Suppose 0 = 5*n - 185 - a. Let f = 168 - n. Is f composite?
False
Let v = -57 + 58. Is (-895 + 8/1)/(v - 2) composite?
False
Let m be 0 + 628 + -1 + 0. Let k = 1414 - m. Is k a prime number?
True
Let y(l) be the first derivative of 19*l**3 + 8*l**2 + 17*l - 25. Is y(8) prime?
True
Let d be (((-105)/9)/5)/(1/(-834)). Let f = d + -1159. Is f a composite number?
False
Suppose 0 = -5*k + 2*k. Suppose k = -3*y + 1 + 230. Is y prime?
False
Let j be (30/(-2))/(4/2056). Is (j/45)/(4/(-6)) prime?
True
Let v = 2925 - -2188. Is v a composite number?
False
Let l = 2 - 9. Let s(c) = c + 9. Let r be s(l). Is (28/r)/(2/11) prime?
False
Let f(l) = 7*l + 0*l + 24*l**2 + 939 - 918. Is f(-8) composite?
True
Let t = -29 - -33. Let l be -1 + 16/t - 0. Suppose 0*a - 5*m = a + 14, 2*a - l*m = 37. Is a composite?
False
Let h(k) = -k**3 + 3*k**2 + 5*k - 2. Let q be h(4). Suppose 4*n - 7*z - 8379 = -q*z, n = -5*z + 2126. Is n a prime number?
False
Let y = -31 + 34. Suppose -150 = -9*t + y*t. Is t a prime number?
False
Let k = 230 + 33. Let d = -84 + k. Is d prime?
True
Let f = -16 - 0. Is 2259/12*f/(-6) a prime number?
False
Let v be 1 + (0 - -5